remainder when 331170 is divided by 194?
12
What is the remainder when 2817005 is divided by 282?
107
Calculate the remainder when 148314 is divided by 3142.
640
What is the remainder when 313489 is divided by 39162?
193
What is the remainder when 7714 is divided by 7477?
237
Calculate the remainder when 4437312 is divided by 43503.
6
Calculate the remainder when 2514931 is divided by 2514884.
47
Calculate the remainder when 14176053 is divided by 12.
9
Calculate the remainder when 16252 is divided by 1807.
1796
What is the remainder when 2158299 is divided by 107?
2
What is the remainder when 1792227 is divided by 641?
632
Calculate the remainder when 40375 is divided by 524.
27
Calculate the remainder when 10883192 is divided by 4173.
8
What is the remainder when 15163 is divided by 7301?
561
Calculate the remainder when 14199 is divided by 2233.
801
Calculate the remainder when 34088738 is divided by 476.
474
Calculate the remainder when 144134 is divided by 1622.
1398
What is the remainder when 1580742 is divided by 225819?
9
What is the remainder when 4267130 is divided by 344?
154
Calculate the remainder when 545665 is divided by 633.
19
Calculate the remainder when 15787597 is divided by 400.
397
Calculate the remainder when 529671 is divided by 132413.
19
Calculate the remainder when 152199 is divided by 3549.
3141
Calculate the remainder when 930336 is divided by 446.
426
What is the remainder when 7547319 is divided by 8?
7
What is the remainder when 38060 is divided by 16423?
5214
Calculate the remainder when 5731909 is divided by 18.
7
Calculate the remainder when 6470526 is divided by 401.
391
What is the remainder when 4625264 is divided by 18?
2
Calculate the remainder when 59481421 is divided by 14870355.
1
What is the remainder when 408424 is divided by 507?
289
Calculate the remainder when 3987340 is divided by 3987335.
5
Calculate the remainder when 6365 is divided by 4767.
1598
Calculate the remainder when 87144 is divided by 10238.
5240
What is the remainder when 32079589 is divided by 3216?
3205
What is the remainder when 10119746 is divided by 76088?
42
Calculate the remainder when 674029 is divided by 793.
772
Calculate the remainder when 2209483 is divided by 16996.
3
What is the remainder when 3606073 is divided by 2035?
53
What is the remainder when 198300149 is divided by 405?
404
What is the remainder when 303281 is divided by 447?
215
What is the remainder when 18577 is divided by 8558?
1461
What is the remainder when 788714 is divided by 27196?
30
Calculate the remainder when 3029047 is divided by 757258.
15
Calculate the remainder when 252352 is divided by 270.
172
Calculate the remainder when 18551098 is divided by 6183695.
13
What is the remainder when 15393 is divided by 6453?
2487
What is the remainder when 28129551 is divided by 92?
91
Calculate the remainder when 33460802 is divided by 104565.
2
Calculate the remainder when 83303737 is divided by 1604.
1601
Calculate the remainder when 4519087 is divided by 1506350.
37
Calculate the remainder when 963874 is divided by 174.
88
Calculate the remainder when 108794 is divided by 1918.
1386
What is the remainder when 1242746 is divided by 59178?
8
What is the remainder when 875483 is divided by 55?
48
Calculate the remainder when 4832664 is divided by 1763.
281
What is the remainder when 221294 is divided by 421?
269
Calculate the remainder when 2019818 is divided by 288532.
94
What is the remainder when 76050 is divided by 716?
154
What is the remainder when 100825 is divided by 1073?
1036
What is the remainder when 484760 is divided by 6378?
32
What is the remainder when 47109 is divided by 9232?
949
What is the remainder when 366677 is divided by 185?
7
What is the remainder when 423095496 is divided by 118?
6
Calculate the remainder when 254432198 is divided by 7480.
7478
What is the remainder when 1557338 is divided by 429?
68
Calculate the remainder when 155355019 is divided by 2315.
2314
Calculate the remainder when 97993 is divided by 959.
175
What is the remainder when 316279520 is divided by 11?
7
What is the remainder when 51729 is divided by 1739?
1298
Calculate the remainder when 3137855 is divided by 20506.
437
What is the remainder when 7568988 is divided by 83?
52
What is the remainder when 90275 is divided by 28684?
4223
Calculate the remainder when 22995877 is divided by 186958.
43
Calculate the remainder when 180739657 is divided by 1844.
1841
What is the remainder when 29367587 is divided by 43379?
4
Calculate the remainder when 171982 is divided by 846.
244
Calculate the remainder when 1188658 is divided by 164.
150
What is the remainder when 538924804 is divided by 27?
25
What is the remainder when 22227699 is divided by 17?
12
What is the remainder when 206356749 is divided by 1450?
1449
What is the remainder when 9219102 is divided by 113?
110
What is the remainder when 86251 is divided by 14374?
7
Calculate the remainder when 1598939 is divided by 21.
20
What is the remainder when 290232 is divided by 20556?
2448
Calculate the remainder when 1827539 is divided by 381.
263
What is the remainder when 632129 is divided by 84?
29
What is the remainder when 10577 is divided by 10258?
319
Calculate the remainder when 1971960 is divided by 420.
60
What is the remainder when 1207906 is divided by 701?
83
Calculate the remainder when 2572695 is divided by 16598.
5
What is the remainder when 52158628 is divided by 361?
265
Calculate the remainder when 2174994 is divided by 445.
279
Calculate the remainder when 114179476 is divided by 264.
4
What is the remainder when 134728 is divided by 16514?
2616
What is the remainder when 23812481 is divided by 6250?
6231
Calculate the remainder when 22014 is divided by 2554.
1582
What is the remainder when 1592369 is divided by 39?
38
What is the remainder when 966819 is divided by 96673?
89
Calculate the remainder when 6801463 is divided by 3079.
3031
Calculate the remainder when 686989 is divided by 3775.
3714
What is the remainder when 519680 is divided by 2211?
95
What is the remainder when 16957 is divided by 116?
21
What is the remainder when 1326111 is divided by 244?
215
Calculate the remainder when 53476 is divided by 8665.
1486
What is the remainder when 19702 is divided by 5882?
2056
Calculate the remainder when 5392519 is divided by 22751.
532
What is the remainder when 1178760 is divided by 3942?
102
What is the remainder when 9732640 is divided by 9732495?
145
Calculate the remainder when 3805625 is divided by 309.
290
Calculate the remainder when 45953 is divided by 44542.
1411
Calculate the remainder when 1403132 is divided by 21.
17
Calculate the remainder when 394100 is divided by 65357.
1958
What is the remainder when 13171486 is divided by 1056?
1054
Calculate the remainder when 6038081 is divided by 56963.
3
Calculate the remainder when 669634 is divided by 133922.
24
Calculate the remainder when 120544295 is divided by 24.
23
What is the remainder when 9729 is divided by 1886?
299
What is the remainder when 207719674 is divided by 2286?
2284
What is the remainder when 2568602 is divided by 2568598?
4
Calculate the remainder when 36834 is divided by 5007.
1785
What is the remainder when 548400 is divided by 810?
30
Calculate the remainder when 2405141 is divided by 1315.
6
What is the remainder when 23177936 is divided by 2575324?
20
Calculate the remainder when 21456726 is divided by 615.
606
What is the remainder when 114073 is divided by 336?
169
Calculate the remainder when 17951 is divided by 1159.
566
Calculate the remainder when 1139452 is divided by 477.
376
Calculate the remainder when 89950 is divided by 8294.
7010
Calculate the remainder when 74376 is divided by 1766.
204
What is the remainder when 4268885 is divided by 1727?
1468
Calculate the remainder when 435645 is divided by 945.
0
What is the remainder when 50560963 is divided by 269?
261
What is the remainder when 4263983 is divided by 2495?
28
What is the remainder when 316887270 is divided by 22?
18
What is the remainder when 5967684 is divided by 135629?
8
Calculate the remainder when 9395133 is divided by 20878.
33
What is the remainder when 150233 is divided by 9802?
3203
What is the remainder when 63286001 is